+ 2. What is the units digit of t(j)?
7
Suppose 4 + 5 = -3*v. Let o(f) = -f**3 - f**2 + 4*f - 2. Let l be o(v). Suppose 0 = -l*b - 5*q + 100, 0*b - 3*b + q = -56. What is the units digit of b?
0
Let l(n) = -147*n**3 + 3*n**2 + 3*n + 3. Let c be l(-2). What is the tens digit of ((-6)/(-15))/(6/c)?
7
Let y(w) = -2*w + 7*w**2 - 9*w**2 - w**3 - 3*w + 1. What is the tens digit of y(-4)?
5
Let x(u) = -3 - 1 - 1 - 3*u + 1. Let h be x(-3). Suppose 2 + h = b. What is the units digit of b?
7
Let b(j) = 106*j**2 + 3*j - 1. What is the units digit of b(-2)?
7
Let t(u) = 4*u**2 - 3. Suppose 0 = 3*b + 2*b - 4*s + 17, -4*b + 3*s = 13. Let y be (4*(-1)/(-2))/b. What is the tens digit of t(y)?
1
Suppose -33 = -4*n + x, -n - 2*x - 17 = -2*n. Let b(s) be the second derivative of 5*s**3/6 - s**2/2 - 38*s. What is the tens digit of b(n)?
3
Let q(t) = -t - 10. Let i be q(-11). Let r be (-2 + (4 - i))*41. Suppose -13 = 4*x - r. What is the units digit of x?
7
Suppose 2067 = 4*y + 9*y. What is the hundreds digit of y?
1
Let a(v) = -v**3 + 35*v**2 + 22*v - 213. What is the units digit of a(35)?
7
Suppose 2*j + m = 2, 4*j - 3*m - 8 = 3*j. Let r be 2 + 1 + 1/(-1). Suppose r*g - 87 = -3*z, 4*z = j*g - g + 105. What is the units digit of z?
7
Let z(q) = q**3 + 3*q**2 - 2*q - 3. Let y be z(-3). Let b be 17/2 - y/(-6). Suppose 24 = 3*h - b. What is the units digit of h?
1
Suppose -4*a - 3*v = -8*v + 16, 5*a + 20 = -3*v. Let i = a - -24. Let y = 38 - i. What is the units digit of y?
8
Let x be 9*((-4)/(-8)*4 - 1). Let b = 135 - x. What is the tens digit of b?
2
Let g(i) = 680*i + 37. What is the units digit of g(5)?
7
Let p(v) = 52*v + 320. What is the tens digit of p(-5)?
6
Suppose 52*x + 20185 = 63*x. What is the units digit of x?
5
Let a be ((-123)/(-12))/((-3)/(-12)). Suppose -g = 3*g + 2*k - 28, a = 5*g + 4*k. Let r = g + 8. What is the units digit of r?
3
Suppose 21 = 10*l - 7*l. Suppose l*n - 8*n + 216 = 0. What is the units digit of n?
6
What is the hundreds digit of ((-1012)/(-12) - 8)*15?
1
Suppose 146 = 3*t + 35. Let q = t - -8. What is the tens digit of q?
4
Let w(k) = 5*k**2 + 23*k + 16. Let q be w(13). Suppose q = 11*z - z. What is the units digit of z?
6
Let u = 4 + 0. Suppose -12*w + u*w = -16. What is the units digit of w?
2
Let a be 2/6 + 44/12. Suppose -3*h + 274 = 5*w, 5*h - 98 - 129 = -a*w. What is the tens digit of w?
5
Let w(t) = 13 - 4*t - 12*t + 3*t - 20. Let m(p) = 14*p + 7. Let j(a) = -5*m(a) - 4*w(a). What is the tens digit of j(-3)?
4
Let t(d) be the second derivative of -d**3/3 + 10*d**2 - d. What is the units digit of t(8)?
4
Suppose 2*r - 4861 = 3*h, -5*h = 2*r - 4*h - 4881. What is the hundreds digit of r?
4
Let n = -49 + 166. Suppose 3*h + 0*h - n = 0. What is the units digit of h?
9
Suppose 3*k = -19*h + 20*h + 787, 0 = 5*k - 4*h - 1321. What is the hundreds digit of k?
2
Let r = 20 + -18. Suppose -4*j - r*l + 34 = 0, -5*j + 43 = l - 1. Let g = j + 5. What is the tens digit of g?
1
Let r(j) = j**3 + 6*j**2 + 5*j + 5. Let p be r(-5). Let q be (-2)/(-1) + (-5)/p. Suppose -5 = -g - q. What is the units digit of g?
4
Suppose 0 = -151*y + 210*y - 218064. What is the tens digit of y?
9
Let a(f) = -f**3 - 9*f**2 + 12*f - 24. What is the hundreds digit of a(-12)?
2
Let t be 8*(-3)/(-6)*5. Let q be -2 + 0 + t/4. Let p = q - -10. What is the tens digit of p?
1
Suppose -u = -2, 0 = -i - 4*i - 3*u - 129. Let k be 6/27 + 6/i. Suppose k = -5*j + 111 - 21. What is the units digit of j?
8
What is the hundreds digit of -4 - (-308 + 0/3)?
3
Suppose c = 189*n - 187*n + 2790, -3*c + 4*n + 8374 = 0. What is the units digit of c?
4
Let a(r) = r**2 + 26*r + 55. Let v be a(-24). Suppose 6 = -3*n, -5*n - 106 = v*t - 10*t. What is the units digit of t?
2
Suppose c = -3*r - 0*r + 1098, 5*c + 3*r = 5490. What is the tens digit of c?
9
Let h = -2903 + 5650. What is the hundreds digit of h?
7
Suppose -16*z + 117738 = 46*z. What is the units digit of z?
9
Let r = -359 - -917. Suppose 13*v = 4*v + r. What is the tens digit of v?
6
Let j = -52 - -59. Let u(b) = -3*b**2 - 8. Let a(f) = f**2 - f + 1. Let z(w) = -2*a(w) - u(w). What is the tens digit of z(j)?
6
Let q = -198 + 281. Suppose 0 = -5*s + 2*a + q, s = 5*s + 5*a - 40. What is the tens digit of s?
1
Suppose 6*l - 302 - 580 = 0. Let c = l + -30. What is the units digit of c?
7
Suppose 0 = -0*r - 5*r. What is the tens digit of (r - -32)*(-3)/(-2)?
4
Let l = 79 - 70. Let m(c) = c**3 - 8*c**2 - 5*c + 17. What is the tens digit of m(l)?
5
Suppose 6*v = -647 + 2027. What is the tens digit of v?
3
Suppose -16*h = -38158 - 3378. What is the thousands digit of h?
2
Suppose 0*y = -5*o + y - 16, 3*o + y = -16. What is the units digit of (1 - 268/o) + -3 + 4?
9
What is the units digit of (-8)/8 + 1407/3?
8
Let f = 10 - 12. Let b be -1 + (-3 - f) + 4. Suppose d = -2*w + 36 + 69, 4*w = b*d + 206. What is the tens digit of w?
5
Suppose 105*k + 5662 = 124*k. What is the units digit of k?
8
Suppose -3*c + 366 = 3*m, 5*m - 2*c = 2*c + 619. Let y = m + -81. What is the tens digit of y?
4
Let c(k) be the first derivative of -6*k**2 + 4*k + 2. Let s = -95 + 93. What is the tens digit of c(s)?
2
Let y(g) = -g**3 - g**2 + 3*g + 2. Let b be y(-2). Suppose f + 3*f = -2*j + 96, j - 2*f - 36 = b. What is the units digit of j?
2
Let l(q) = -q**2 + 4*q + 13. Let d be l(6). Let j be 10/(-40)*(-29 + d). What is the units digit of (2/j)/((-10)/(-140))?
4
Let p(z) = 5*z**2 + 34*z + 58. What is the tens digit of p(-12)?
7
Let m(z) be the first derivative of -2*z**3 - 8. Let c be m(-1). Let d(x) = -12*x - 11. What is the tens digit of d(c)?
6
Let l = -6 + 13. Suppose -3*b - 4 = -l*b. What is the units digit of b?
1
Let v(r) = -2*r**3 - 11*r**2 + 17*r + 6. What is the tens digit of v(-9)?
2
Let j(w) = -w**3 + 7*w**2 - 2*w + 3. Let b be j(6). Suppose 78 = 3*i + 2*s + s, -2*i = 4*s - 48. Suppose z - i = b. What is the tens digit of z?
5
Let b(d) = 4*d**3 - 12*d**2 + 8*d + 16. What is the hundreds digit of b(8)?
3
Let t = -767 + 2321. What is the thousands digit of t?
1
Let p(g) = -g**3 - 9*g**2 - 3*g + 8. Let j be p(-10). Suppose 0 = -4*h + j + 86. What is the tens digit of h?
5
Let c(s) = s**2 - s + 75. What is the tens digit of c(7)?
1
Let f = 4 + -2. Suppose 0 = f*u + 3*u - 10. Suppose -u = -2*b, -k - 3*b - 6 = -78. What is the units digit of k?
9
Suppose 0 = 2*q + 2*g - 18 + 6, 6 = q - 2*g. Suppose m = q*m - 285. Suppose 6*l - 5*l - m = 0. What is the units digit of l?
7
Let i(b) = b**2 + 3*b - 16. Let y be (-196)/21 + (-2)/3. Let u(z) = -2*z - 13. Let x be u(y). What is the units digit of i(x)?
4
Suppose -5*y - p - 2*p + 132 = 0, -2*p = 2. Let m be (6 + -1)*624/65. Let o = m - y. What is the tens digit of o?
2
Suppose 0 = -15*u + 6*u + 54. Suppose -2*l - v = -477, 3*l + 4*v - 719 = u*v. What is the units digit of l?
9
Let a be 3/(-1) - (-5 + 7). Let l = a + 9. Suppose -7 = -x + l. What is the units digit of x?
1
Let a = -363 - -211. Let j = a - -360. What is the hundreds digit of j?
2
Suppose -9 + 1 = 4*i. Let a(q) be the third derivative of -5*q**4/12 + q**3/6 + 2*q**2. What is the units digit of a(i)?
1
Suppose 8*w = 11*w + 3*z - 384, 4*w = -5*z + 513. What is the hundreds digit of w?
1
Suppose 2*u + 1 = 2*t - 1, -4*t = 5*u + 5. Let v be -5 + -3*(t - 1). Let w(f) = -11*f - 6. What is the tens digit of w(v)?
1
Suppose v = 3*v - 150. Let a = v + -36. Let o = a + 8. What is the tens digit of o?
4
Let n(h) = h**3 - 6*h + 4. Suppose 0 = -2*c + 6, -c + 6*c + 25 = 5*g. Let t(d) = d - 5. Let k be t(g). What is the tens digit of n(k)?
1
Let s be (-2 - (-14)/4)*4. Let l = 1 + s. What is the tens digit of 0 + l/((-21)/(-30))?
1
Let p(x) = 2*x**3 + 19*x**2 + 7*x - 14. Let d be p(-9). Suppose -2744 = -12*j + d*j. What is the tens digit of j?
4
Suppose 3*y = -6*y + 3366. What is the tens digit of y?
7
Suppose -12*s + 3005 = -11131. What is the units digit of s?
8
Let u(w) = 2*w - 46. Let k be u(21). What is the units digit of (-99)/(-2) - ((-14)/k - 2)?
8
Let m(d) = -d**3 - 2*d**2 - d - 7. Suppose -4*b - 38 + 14 = 2*r, 2*r = 0. What is the units digit of m(b)?
3
Let y be 4/(-10) + (-24)/(-60). Suppose 3*b - 2*b + 174 = 4*o, 2*b - 4 = y. Suppose -82 = 5*w - 2*i - 213, 2*w + 2*i = o. What is the units digit of w?
5
Let s(b) = 24*b**2 + 11*b - 74. What is the